{"id":34,"date":"2021-09-18T16:40:56","date_gmt":"2021-09-18T14:40:56","guid":{"rendered":"http:\/\/www.sesselwerk.at\/?page_id=34"},"modified":"2026-04-27T08:56:18","modified_gmt":"2026-04-27T06:56:18","slug":"kontakt-anfrage","status":"publish","type":"page","link":"https:\/\/www.sesselwerk.at\/?page_id=34","title":{"rendered":""},"content":{"rendered":"\n<p><\/p>\n\n\n\n<div class=\"wp-block-columns is-layout-flex wp-container-core-columns-is-layout-9d6595d7 wp-block-columns-is-layout-flex\">\n<div class=\"wp-block-column is-layout-flow wp-block-column-is-layout-flow\" style=\"flex-basis:50%\">\n<h3 class=\"wp-block-heading\">Kontakt<\/h3>\n\n\n\n<p>SESSELWERK Franziska Krisper<br>Rotenl\u00f6wengasse 13<br>1090 Wien<br>+43 650 36 31 324<br><a href=\"mailto:f.krisper@sesselwerk.at\">f.krisper@sesselwerk.at<\/a><\/p>\n\n\n\n<h3 class=\"wp-block-heading\">Anfrage<\/h3>\n\n\n\n<p>F\u00fcr eine Kostensch\u00e4tzung und Er\u00f6rterung des Restaurierungsumfanges schicken Sie mir bitte ein Foto ihres M\u00f6belst\u00fcckes per E-Mail, WhatsApp oder Signal.<\/p>\n\n\n\n<p>Seit Mitte April 2026 gibt es wieder den Wiener Reparaturbon, den Sie auch bei mir einl\u00f6sen k\u00f6nnen. Alle Infos dazu finden Sie hier:\u00a0<a href=\"https:\/\/mein.wien.gv.at\/wienerreparaturbon\/#\/\" target=\"_blank\" rel=\"noreferrer noopener\">https:\/\/mein.wien.gv.at\/wienerreparaturbon\/#\/<\/a><\/p>\n\n\n\n<h3 class=\"wp-block-heading\">\u00d6ffnungszeiten<\/h3>\n\n\n\n<p>zur Anlieferung nach R\u00fccksprache<br>meist Mo-Fr von 10-14 Uhr und nach Vereinbarung<\/p>\n\n\n\n<p><iframe src=\"https:\/\/www.google.com\/maps\/embed?pb=!1m18!1m12!1m3!1d10632.248307640124!2d16.356556624275118!3d48.224679225992155!2m3!1f0!2f0!3f0!3m2!1i1024!2i768!4f13.1!3m3!1m2!1s0x476d07b6fa24dc1d%3A0x8c0010e279375a71!2sRotenl%C3%B6wengasse%2013%2C%201090%20Wien!5e0!3m2!1sde!2sat!4v1634032056467!5m2!1sde!2sat\" style=\"border:0;\" allowfullscreen=\"\" loading=\"lazy\" width=\"600\" height=\"450\">&lt;\/p&gt;<\/iframe><\/p>\n<\/div>\n\n\n\n<div class=\"wp-block-column is-layout-flow wp-block-column-is-layout-flow\" style=\"flex-basis:50%\"><div class=\"wp-block-image\">\n<figure class=\"alignleft size-large\"><img loading=\"lazy\" decoding=\"async\" width=\"719\" height=\"1024\" src=\"https:\/\/www.sesselwerk.at\/wp-content\/uploads\/2021\/10\/sesselwerk-Strassenansicht-719x1024.jpg\" alt=\"\" class=\"wp-image-538\" srcset=\"https:\/\/www.sesselwerk.at\/wp-content\/uploads\/2021\/10\/sesselwerk-Strassenansicht-719x1024.jpg 719w, https:\/\/www.sesselwerk.at\/wp-content\/uploads\/2021\/10\/sesselwerk-Strassenansicht-211x300.jpg 211w, https:\/\/www.sesselwerk.at\/wp-content\/uploads\/2021\/10\/sesselwerk-Strassenansicht-768x1094.jpg 768w, https:\/\/www.sesselwerk.at\/wp-content\/uploads\/2021\/10\/sesselwerk-Strassenansicht-1078x1536.jpg 1078w, https:\/\/www.sesselwerk.at\/wp-content\/uploads\/2021\/10\/sesselwerk-Strassenansicht-1437x2048.jpg 1437w, https:\/\/www.sesselwerk.at\/wp-content\/uploads\/2021\/10\/sesselwerk-Strassenansicht-600x855.jpg 600w, https:\/\/www.sesselwerk.at\/wp-content\/uploads\/2021\/10\/sesselwerk-Strassenansicht-scaled.jpg 1796w\" sizes=\"auto, (max-width: 719px) 100vw, 719px\" \/><figcaption class=\"wp-element-caption\">Stra\u00dfenansicht der Werkstatt in der Rotenl\u00f6wengasse<\/figcaption><\/figure>\n<\/div><\/div>\n<\/div>\n","protected":false},"excerpt":{"rendered":"<p>Kontakt SESSELWERK Franziska KrisperRotenl\u00f6wengasse 131090 Wien+43 650 36 31 324f.krisper@sesselwerk.at Anfrage F\u00fcr eine Kostensch\u00e4tzung und Er\u00f6rterung des Restaurierungsumfanges schicken Sie mir bitte ein Foto ihres M\u00f6belst\u00fcckes per E-Mail, WhatsApp oder Signal. Seit Mitte April 2026 gibt es wieder den Wiener Reparaturbon, den Sie auch bei mir einl\u00f6sen k\u00f6nnen. Alle Infos dazu finden Sie hier:\u00a0https:\/\/mein.wien.gv.at\/wienerreparaturbon\/#\/ \u00d6ffnungszeiten&hellip;&nbsp;<a href=\"https:\/\/www.sesselwerk.at\/?page_id=34\" class=\"\" rel=\"bookmark\">Weiterlesen &raquo;<span class=\"screen-reader-text\"><\/span><\/a><\/p>\n","protected":false},"author":1,"featured_media":0,"parent":0,"menu_order":0,"comment_status":"closed","ping_status":"closed","template":"","meta":{"neve_meta_sidebar":"","neve_meta_container":"","neve_meta_enable_content_width":"","neve_meta_content_width":0,"neve_meta_title_alignment":"","neve_meta_author_avatar":"","neve_post_elements_order":"","neve_meta_disable_header":"","neve_meta_disable_footer":"","neve_meta_disable_title":"","_themeisle_gutenberg_block_has_review":false,"_ti_tpc_template_sync":false,"_ti_tpc_template_id":"","footnotes":""},"class_list":["post-34","page","type-page","status-publish","hentry"],"_links":{"self":[{"href":"https:\/\/www.sesselwerk.at\/index.php?rest_route=\/wp\/v2\/pages\/34","targetHints":{"allow":["GET"]}}],"collection":[{"href":"https:\/\/www.sesselwerk.at\/index.php?rest_route=\/wp\/v2\/pages"}],"about":[{"href":"https:\/\/www.sesselwerk.at\/index.php?rest_route=\/wp\/v2\/types\/page"}],"author":[{"embeddable":true,"href":"https:\/\/www.sesselwerk.at\/index.php?rest_route=\/wp\/v2\/users\/1"}],"replies":[{"embeddable":true,"href":"https:\/\/www.sesselwerk.at\/index.php?rest_route=%2Fwp%2Fv2%2Fcomments&post=34"}],"version-history":[{"count":44,"href":"https:\/\/www.sesselwerk.at\/index.php?rest_route=\/wp\/v2\/pages\/34\/revisions"}],"predecessor-version":[{"id":827,"href":"https:\/\/www.sesselwerk.at\/index.php?rest_route=\/wp\/v2\/pages\/34\/revisions\/827"}],"wp:attachment":[{"href":"https:\/\/www.sesselwerk.at\/index.php?rest_route=%2Fwp%2Fv2%2Fmedia&parent=34"}],"curies":[{"name":"wp","href":"https:\/\/api.w.org\/{rel}","templated":true}]}}

<p></p>



<div class="wp-block-columns is-layout-flex wp-container-core-columns-is-layout-9d6595d7 wp-block-columns-is-layout-flex">
<div class="wp-block-column is-layout-flow wp-block-column-is-layout-flow" style="flex-basis:50%">
<h3 class="wp-block-heading">Kontakt</h3>



<p>SESSELWERK Franziska Krisper<br>Rotenlöwengasse 13<br>1090 Wien<br>+43 650 36 31 324<br><a href="mailto:f.krisper@sesselwerk.at">f.krisper@sesselwerk.at</a></p>



<h3 class="wp-block-heading">Anfrage</h3>



<p>Für eine Kostenschätzung und Erörterung des Restaurierungsumfanges schicken Sie mir bitte ein Foto ihres Möbelstückes per E-Mail, WhatsApp oder Signal.</p>



<p>Seit Mitte April 2026 gibt es wieder den Wiener Reparaturbon, den Sie auch bei mir einlösen können. Alle Infos dazu finden Sie hier: <a href="https://mein.wien.gv.at/wienerreparaturbon/#/" target="_blank" rel="noreferrer noopener">https://mein.wien.gv.at/wienerreparaturbon/#/</a></p>



<h3 class="wp-block-heading">Öffnungszeiten</h3>



<p>zur Anlieferung nach Rücksprache<br>meist Mo-Fr von 10-14 Uhr und nach Vereinbarung</p>



<p><iframe src="https://www.google.com/maps/embed?pb=!1m18!1m12!1m3!1d10632.248307640124!2d16.356556624275118!3d48.224679225992155!2m3!1f0!2f0!3f0!3m2!1i1024!2i768!4f13.1!3m3!1m2!1s0x476d07b6fa24dc1d%3A0x8c0010e279375a71!2sRotenl%C3%B6wengasse%2013%2C%201090%20Wien!5e0!3m2!1sde!2sat!4v1634032056467!5m2!1sde!2sat" style="border:0;" allowfullscreen="" loading="lazy" width="600" height="450">&lt;/p&gt;</iframe></p>
</div>



<div class="wp-block-column is-layout-flow wp-block-column-is-layout-flow" style="flex-basis:50%"><div class="wp-block-image">
<figure class="alignleft size-large"><img loading="lazy" decoding="async" width="719" height="1024" src="https://www.sesselwerk.at/wp-content/uploads/2021/10/sesselwerk-Strassenansicht-719x1024.jpg" alt="" class="wp-image-538" srcset="https://www.sesselwerk.at/wp-content/uploads/2021/10/sesselwerk-Strassenansicht-719x1024.jpg 719w, https://www.sesselwerk.at/wp-content/uploads/2021/10/sesselwerk-Strassenansicht-211x300.jpg 211w, https://www.sesselwerk.at/wp-content/uploads/2021/10/sesselwerk-Strassenansicht-768x1094.jpg 768w, https://www.sesselwerk.at/wp-content/uploads/2021/10/sesselwerk-Strassenansicht-1078x1536.jpg 1078w, https://www.sesselwerk.at/wp-content/uploads/2021/10/sesselwerk-Strassenansicht-1437x2048.jpg 1437w, https://www.sesselwerk.at/wp-content/uploads/2021/10/sesselwerk-Strassenansicht-600x855.jpg 600w, https://www.sesselwerk.at/wp-content/uploads/2021/10/sesselwerk-Strassenansicht-scaled.jpg 1796w" sizes="auto, (max-width: 719px) 100vw, 719px" /><figcaption class="wp-element-caption">Straßenansicht der Werkstatt in der Rotenlöwengasse</figcaption></figure>
</div></div>
</div>

<p>Kontakt SESSELWERK Franziska KrisperRotenlöwengasse 131090 Wien+43 650 36 31 324f.krisper@sesselwerk.at Anfrage Für eine Kostenschätzung und Erörterung des Restaurierungsumfanges schicken Sie mir bitte ein Foto ihres Möbelstückes per E-Mail, WhatsApp oder Signal. Seit Mitte April 2026 gibt es wieder den Wiener Reparaturbon, den Sie auch bei mir einlösen können. Alle Infos dazu finden Sie hier: https://mein.wien.gv.at/wienerreparaturbon/#/ Öffnungszeiten&hellip;&nbsp;<a href="https://www.sesselwerk.at/?page_id=34" class="" rel="bookmark">Weiterlesen &raquo;<span class="screen-reader-text"></span></a></p>
