{"id":32,"date":"2021-09-18T16:40:56","date_gmt":"2021-09-18T14:40:56","guid":{"rendered":"http:\/\/www.sesselwerk.at\/?page_id=32"},"modified":"2025-10-13T07:04:16","modified_gmt":"2025-10-13T05:04:16","slug":"ueber-mich","status":"publish","type":"page","link":"https:\/\/www.sesselwerk.at\/?page_id=32","title":{"rendered":""},"content":{"rendered":"\n<p><\/p>\n\n\n\n<div class=\"wp-block-columns is-layout-flex wp-container-core-columns-is-layout-9d6595d7 wp-block-columns-is-layout-flex\">\n<div class=\"wp-block-column is-layout-flow wp-block-column-is-layout-flow\" style=\"flex-basis:50%\">\n<div class=\"wp-block-columns is-layout-flex wp-container-core-columns-is-layout-9d6595d7 wp-block-columns-is-layout-flex\">\n<div class=\"wp-block-column is-layout-flow wp-block-column-is-layout-flow\" style=\"flex-basis:100%\">\n<h3 class=\"wp-block-heading\">\u00dcber mich<\/h3>\n\n\n\n<p>Ich umgebe mich gerne mit sch\u00f6nen Dingen. M\u00f6bel, Graphik, Kunst oder Architektur \u2013 meine Augen erfreuen sich beim Anblick genialen Designs. <\/p>\n\n\n\n<p>Meine Ausbildung zur Tischlerin sowie meine berufliche Erfahrung im M\u00f6belbereich und in der Restaurierung f\u00fchrten mich zur Umsetzung eines langersehnten Traumes. Im Fr\u00fchjahr 2018 habe ich gemeinsam mit zwei Freundinnen eine kleine, aber feine Werkstatt im 9. Bezirk in Wien eingerichtet.<\/p>\n\n\n\n<p>Mit Sesselwerk verbinde ich nun meine Leidenschaften \u2013 Handwerk mit Liebe zum Detail und sch\u00f6nen M\u00f6beln. Ich genie\u00dfe es Tag f\u00fcr Tag alten Sitzgelegenheiten zu neuem Glanz zu verhelfen und freue mich, wenn auch Sie mir Ihr M\u00f6belst\u00fcck anvertrauen.<\/p>\n\n\n\n<figure class=\"wp-block-image size-large\"><img loading=\"lazy\" decoding=\"async\" width=\"1024\" height=\"768\" src=\"https:\/\/www.sesselwerk.at\/wp-content\/uploads\/2022\/03\/sesselwerk_franziska-krisper_handwerk-1024x768.jpg\" alt=\"\" class=\"wp-image-678\" srcset=\"https:\/\/www.sesselwerk.at\/wp-content\/uploads\/2022\/03\/sesselwerk_franziska-krisper_handwerk-1024x768.jpg 1024w, https:\/\/www.sesselwerk.at\/wp-content\/uploads\/2022\/03\/sesselwerk_franziska-krisper_handwerk-300x225.jpg 300w, https:\/\/www.sesselwerk.at\/wp-content\/uploads\/2022\/03\/sesselwerk_franziska-krisper_handwerk-768x576.jpg 768w, https:\/\/www.sesselwerk.at\/wp-content\/uploads\/2022\/03\/sesselwerk_franziska-krisper_handwerk-600x450.jpg 600w, https:\/\/www.sesselwerk.at\/wp-content\/uploads\/2022\/03\/sesselwerk_franziska-krisper_handwerk.jpg 1170w\" sizes=\"auto, (max-width: 1024px) 100vw, 1024px\" \/><\/figure>\n<\/div>\n<\/div>\n<\/div>\n\n\n\n<div class=\"wp-block-column is-layout-flow wp-block-column-is-layout-flow\" style=\"flex-basis:50%\"><div class=\"wp-block-image\">\n<figure class=\"alignleft size-large\"><img loading=\"lazy\" decoding=\"async\" width=\"790\" height=\"1024\" src=\"https:\/\/www.sesselwerk.at\/wp-content\/uploads\/2021\/10\/sesselwerk_franziska-krisper-790x1024.jpg\" alt=\"\" class=\"wp-image-651\" srcset=\"https:\/\/www.sesselwerk.at\/wp-content\/uploads\/2021\/10\/sesselwerk_franziska-krisper-790x1024.jpg 790w, https:\/\/www.sesselwerk.at\/wp-content\/uploads\/2021\/10\/sesselwerk_franziska-krisper-231x300.jpg 231w, https:\/\/www.sesselwerk.at\/wp-content\/uploads\/2021\/10\/sesselwerk_franziska-krisper-768x995.jpg 768w, https:\/\/www.sesselwerk.at\/wp-content\/uploads\/2021\/10\/sesselwerk_franziska-krisper-1185x1536.jpg 1185w, https:\/\/www.sesselwerk.at\/wp-content\/uploads\/2021\/10\/sesselwerk_franziska-krisper-600x778.jpg 600w, https:\/\/www.sesselwerk.at\/wp-content\/uploads\/2021\/10\/sesselwerk_franziska-krisper.jpg 1568w\" sizes=\"auto, (max-width: 790px) 100vw, 790px\" \/><\/figure>\n<\/div><\/div>\n<\/div>\n\n\n\n<figure class=\"wp-block-pullquote has-border-color has-text-color\" style=\"border-color:#dcd8cc;color:#000000\"><blockquote><p>Handwerk mit Liebe zum Detail und zu sch\u00f6nen M\u00f6beln.<\/p><cite>Sesselwerk<\/cite><\/blockquote><\/figure>\n","protected":false},"excerpt":{"rendered":"<p>\u00dcber mich Ich umgebe mich gerne mit sch\u00f6nen Dingen. M\u00f6bel, Graphik, Kunst oder Architektur \u2013 meine Augen erfreuen sich beim Anblick genialen Designs. Meine Ausbildung zur Tischlerin sowie meine berufliche Erfahrung im M\u00f6belbereich und in der Restaurierung f\u00fchrten mich zur Umsetzung eines langersehnten Traumes. Im Fr\u00fchjahr 2018 habe ich gemeinsam mit zwei Freundinnen eine kleine,&hellip;&nbsp;<a href=\"https:\/\/www.sesselwerk.at\/?page_id=32\" class=\"\" rel=\"bookmark\">Weiterlesen &raquo;<span class=\"screen-reader-text\"><\/span><\/a><\/p>\n","protected":false},"author":1,"featured_media":0,"parent":0,"menu_order":0,"comment_status":"closed","ping_status":"closed","template":"","meta":{"neve_meta_sidebar":"","neve_meta_container":"","neve_meta_enable_content_width":"","neve_meta_content_width":0,"neve_meta_title_alignment":"","neve_meta_author_avatar":"","neve_post_elements_order":"","neve_meta_disable_header":"","neve_meta_disable_footer":"","neve_meta_disable_title":"","_themeisle_gutenberg_block_has_review":false,"_ti_tpc_template_sync":false,"_ti_tpc_template_id":"","footnotes":""},"class_list":["post-32","page","type-page","status-publish","hentry"],"_links":{"self":[{"href":"https:\/\/www.sesselwerk.at\/index.php?rest_route=\/wp\/v2\/pages\/32","targetHints":{"allow":["GET"]}}],"collection":[{"href":"https:\/\/www.sesselwerk.at\/index.php?rest_route=\/wp\/v2\/pages"}],"about":[{"href":"https:\/\/www.sesselwerk.at\/index.php?rest_route=\/wp\/v2\/types\/page"}],"author":[{"embeddable":true,"href":"https:\/\/www.sesselwerk.at\/index.php?rest_route=\/wp\/v2\/users\/1"}],"replies":[{"embeddable":true,"href":"https:\/\/www.sesselwerk.at\/index.php?rest_route=%2Fwp%2Fv2%2Fcomments&post=32"}],"version-history":[{"count":31,"href":"https:\/\/www.sesselwerk.at\/index.php?rest_route=\/wp\/v2\/pages\/32\/revisions"}],"predecessor-version":[{"id":797,"href":"https:\/\/www.sesselwerk.at\/index.php?rest_route=\/wp\/v2\/pages\/32\/revisions\/797"}],"wp:attachment":[{"href":"https:\/\/www.sesselwerk.at\/index.php?rest_route=%2Fwp%2Fv2%2Fmedia&parent=32"}],"curies":[{"name":"wp","href":"https:\/\/api.w.org\/{rel}","templated":true}]}}

<p></p>



<div class="wp-block-columns is-layout-flex wp-container-core-columns-is-layout-9d6595d7 wp-block-columns-is-layout-flex">
<div class="wp-block-column is-layout-flow wp-block-column-is-layout-flow" style="flex-basis:50%">
<div class="wp-block-columns is-layout-flex wp-container-core-columns-is-layout-9d6595d7 wp-block-columns-is-layout-flex">
<div class="wp-block-column is-layout-flow wp-block-column-is-layout-flow" style="flex-basis:100%">
<h3 class="wp-block-heading">Über mich</h3>



<p>Ich umgebe mich gerne mit schönen Dingen. Möbel, Graphik, Kunst oder Architektur – meine Augen erfreuen sich beim Anblick genialen Designs. </p>



<p>Meine Ausbildung zur Tischlerin sowie meine berufliche Erfahrung im Möbelbereich und in der Restaurierung führten mich zur Umsetzung eines langersehnten Traumes. Im Frühjahr 2018 habe ich gemeinsam mit zwei Freundinnen eine kleine, aber feine Werkstatt im 9. Bezirk in Wien eingerichtet.</p>



<p>Mit Sesselwerk verbinde ich nun meine Leidenschaften – Handwerk mit Liebe zum Detail und schönen Möbeln. Ich genieße es Tag für Tag alten Sitzgelegenheiten zu neuem Glanz zu verhelfen und freue mich, wenn auch Sie mir Ihr Möbelstück anvertrauen.</p>



<figure class="wp-block-image size-large"><img loading="lazy" decoding="async" width="1024" height="768" src="https://www.sesselwerk.at/wp-content/uploads/2022/03/sesselwerk_franziska-krisper_handwerk-1024x768.jpg" alt="" class="wp-image-678" srcset="https://www.sesselwerk.at/wp-content/uploads/2022/03/sesselwerk_franziska-krisper_handwerk-1024x768.jpg 1024w, https://www.sesselwerk.at/wp-content/uploads/2022/03/sesselwerk_franziska-krisper_handwerk-300x225.jpg 300w, https://www.sesselwerk.at/wp-content/uploads/2022/03/sesselwerk_franziska-krisper_handwerk-768x576.jpg 768w, https://www.sesselwerk.at/wp-content/uploads/2022/03/sesselwerk_franziska-krisper_handwerk-600x450.jpg 600w, https://www.sesselwerk.at/wp-content/uploads/2022/03/sesselwerk_franziska-krisper_handwerk.jpg 1170w" sizes="auto, (max-width: 1024px) 100vw, 1024px" /></figure>
</div>
</div>
</div>



<div class="wp-block-column is-layout-flow wp-block-column-is-layout-flow" style="flex-basis:50%"><div class="wp-block-image">
<figure class="alignleft size-large"><img loading="lazy" decoding="async" width="790" height="1024" src="https://www.sesselwerk.at/wp-content/uploads/2021/10/sesselwerk_franziska-krisper-790x1024.jpg" alt="" class="wp-image-651" srcset="https://www.sesselwerk.at/wp-content/uploads/2021/10/sesselwerk_franziska-krisper-790x1024.jpg 790w, https://www.sesselwerk.at/wp-content/uploads/2021/10/sesselwerk_franziska-krisper-231x300.jpg 231w, https://www.sesselwerk.at/wp-content/uploads/2021/10/sesselwerk_franziska-krisper-768x995.jpg 768w, https://www.sesselwerk.at/wp-content/uploads/2021/10/sesselwerk_franziska-krisper-1185x1536.jpg 1185w, https://www.sesselwerk.at/wp-content/uploads/2021/10/sesselwerk_franziska-krisper-600x778.jpg 600w, https://www.sesselwerk.at/wp-content/uploads/2021/10/sesselwerk_franziska-krisper.jpg 1568w" sizes="auto, (max-width: 790px) 100vw, 790px" /></figure>
</div></div>
</div>



<figure class="wp-block-pullquote has-border-color has-text-color" style="border-color:#dcd8cc;color:#000000"><blockquote><p>Handwerk mit Liebe zum Detail und zu schönen Möbeln.</p><cite>Sesselwerk</cite></blockquote></figure>

<p>Über mich Ich umgebe mich gerne mit schönen Dingen. Möbel, Graphik, Kunst oder Architektur – meine Augen erfreuen sich beim Anblick genialen Designs. Meine Ausbildung zur Tischlerin sowie meine berufliche Erfahrung im Möbelbereich und in der Restaurierung führten mich zur Umsetzung eines langersehnten Traumes. Im Frühjahr 2018 habe ich gemeinsam mit zwei Freundinnen eine kleine,&hellip;&nbsp;<a href="https://www.sesselwerk.at/?page_id=32" class="" rel="bookmark">Weiterlesen &raquo;<span class="screen-reader-text"></span></a></p>
